v**2 + 3*v. Calculate a(4).
-4
Let c(o) = -2*o**2 + 2*o - 2. Let r(y) = y**2 - 23*y - 22. Let d be r(24). Calculate c(d).
-6
Let r = -12 + 17. Let n(t) = -t - 3 - r + 2. Suppose 0 = -4*s + s. What is n(s)?
-6
Let b(z) = z**3 + 6*z**2 + z - 1. Suppose 0 = -3*o + 9*o + 24. Let x = o + -2. Calculate b(x).
-7
Suppose 8 = -5*x - 2, 5*y - 34 = -3*x. Let s(w) = 4*w. Let q(p) = -p. Let i(o) = 16*o + 1. Let h(v) = -i(v) - 4*q(v). Let n(d) = y*s(d) + 3*h(d). What is n(-2)?
5
Let k be ((-4)/3)/(2/6). Let p(s) be the first derivative of -s**3/3 - 3*s**2/2 + 135. Give p(k).
-4
Let u(w) = -w**3 + 11*w**2 + 4*w + 2. Suppose 49*k - 217 - 322 = 0. Determine u(k).
46
Let m(t) = 5*t**2 - 4*t + 11. Let j(a) = -8*a**2 + 8*a - 21. Let c(b) = 3*j(b) + 5*m(b). Calculate c(-6).
4
Let k(h) be the second derivative of -h**4/12 + h**3/2 - h**2 + 14*h - 18. What is k(3)?
-2
Let c = 1330 - 1327. Let d(a) = -a**2 + 6*a + 2. Give d(c).
11
Let p(k) = -k**3 + 10*k**2 - k. Let v = -261 + 271. What is p(v)?
-10
Let d(c) be the third derivative of c**6/120 - 9*c**5/20 + 9*c**4/8 - 19*c**3/6 - c**2 + 36*c. Give d(26).
7
Let b(y) = y**2 + 11*y + 13. Suppose -10*q + 154 - 244 = 0. What is b(q)?
-5
Let t(k) = -8*k. Suppose 4*x - 10 = r, -r - 10 = x - 0*x. Let v be (-14)/7 - 6 - 1. Let o = r - v. Give t(o).
8
Suppose 2*y = 5*y - 3. Let h be (2*y)/((-16)/(-24)). Let r be (-3)/1 - (h - 8). Let c(b) = -3*b + 2. Calculate c(r).
-4
Let u(y) = 6*y - 6. Suppose -4*o - 19 = -0*o - 3*z, 3*z - 3 = 0. Let b(q) = -5*q + 5. Let c(l) = o*u(l) - 5*b(l). Calculate c(1).
0
Let k = 77 + -93. Let q be (8/3)/(k/24). Let j(t) = t**3 + 4*t**2 - 2*t - 2. Give j(q).
6
Let a = 1673 - 1669. Let l(q) = 2*q**2 - 5*q + 6. Give l(a).
18
Let d(m) = 1 - 34*m**2 - 31*m**2 + 59*m**2 + m**3 + 4*m. What is d(5)?
-4
Let m(x) = -13 - 11*x**2 - 13*x**3 + 34*x**3 - 11*x - 22*x**3. Determine m(-10).
-3
Let x(h) = 16 - 2*h - 19 + h - 3*h + 1. Calculate x(-5).
18
Let d(y) be the first derivative of -y**3/3 - 5*y**2/2 - 5*y - 62. Calculate d(-4).
-1
Let p(i) = i. Let q(m) = m**3 + 5*m**2 + 7*m + 1. Let v be q(-2). Let n = -4 - -8. Let g(a) = 3*a - 2. Let h(w) = n*p(w) + v*g(w). Give h(2).
4
Suppose 5*o - 12 = x, -4*o + 0*o + 15 = x. Let s(v) = v**3 - 5*v**2 + 3*v + 2. Calculate s(o).
-7
Let r(h) = -11*h**2 - 10*h - 4. Let n(i) = -25*i**2 - 22*i - 8. Let x(b) = -4*n(b) + 9*r(b). Give x(-2).
4
Let j(x) be the third derivative of x**5/60 - x**4/6 + 7*x**3/6 + x**2. Let r(p) be the first derivative of j(p). What is r(3)?
2
Suppose 10*k + 17 - 47 = 0. Let w(h) = -7454*h + 7454*h + k - h**2. Suppose 2*r + 3 = 3*r. Give w(r).
-6
Let c(l) = -2*l + 22. Let r = -1577 - -1592. What is c(r)?
-8
Let w be (-210)/6*6/(-15). Let f(p) = 20*p**3 - 2*p**2 - w*p**3 + 2*p - 1 + 5*p**3 + p**2. Let n be ((-2)/6)/(2/(-6)). Determine f(n).
11
Let v(r) = -r - 8. Let o be (-1072)/112 + 3/(-7)*1. Give v(o).
2
Let b(h) = 13*h**2 - 16*h + 7. Let u(j) = -12*j**2 + 14*j - 6. Let v(g) = 6*b(g) + 7*u(g). Calculate v(2).
-20
Let b(m) be the third derivative of -m**6/120 + 3*m**5/20 - m**4/3 - m**3/3 - 123*m**2. Determine b(8).
-2
Let f(m) = -2*m + 6*m - 3*m + 4. Suppose 212*g = 206*g. Determine f(g).
4
Let x = -12 + 19. Suppose 8*j = x*j. Let r(d) = -7*d + 3. Let s(n) = -3*n + 1. Let o(p) = 2*r(p) - 5*s(p). What is o(j)?
1
Suppose -7*b - 12 = -3*b. Let m(r) = r**3 + 6*r**2 - 2*r. Let t(o) = 4*o**3 + 25*o**2 - 10*o - 1. Let q(g) = 9*m(g) - 2*t(g). Determine q(b).
5
Let l(b) be the first derivative of b + 3 + 0*b**3 - 1/2*b**2 - 13/4*b**4. Determine l(1).
-13
Suppose -12 = -p - 5*t, -10 = -3*p - t - t. Let o(v) = -10*v**3 - p*v**2 - 1 + v + 3*v**2 - v**2. What is o(1)?
-10
Let a(j) = 12*j**2 + 37*j + 4. Let h(c) = 11*c**2 + 32*c + 3. Let i(f) = -6*a(f) + 7*h(f). Calculate i(2).
21
Let x(c) be the first derivative of 2/3*c**3 + 5/24*c**4 + 1/24*c**5 + 0*c**2 + 7 + 0*c - 1/360*c**6. Let i(t) be the third derivative of x(t). Determine i(6).
-1
Let d(i) = -i**3 + 3*i**2 + 9*i + 9. Let j(x) = 3*x**3 - 9*x**2 - 26*x - 25. Let m(f) = 17*d(f) + 6*j(f). Give m(3).
-6
Let d(l) = -l**2 - 3*l - 17. Let o(j) = -2*j**2 - 9*j - 34. Let q(x) = 5*d(x) - 3*o(x). Determine q(-10).
-3
Suppose 3*c = 4*b + 4, 5*c - 22 = -2*b + b. Let m(a) be the third derivative of 0*a + b*a**2 + 0 - 1/60*a**5 + 1/8*a**4 - 1/2*a**3. What is m(3)?
-3
Let a(l) = -18*l + 3*l + 5*l - 3 + 5*l - 11*l**2 - 2*l**3. Let o be a(-5). Let w(k) = -k**3 - 4*k**2 - 3*k - 4. Calculate w(o).
-4
Suppose 4*d + 2*g = -2, -3*d - 2 - 2 = 2*g. Let b(j) = j**3 + 4 + 5*j**d - 4*j**2 - 2. Determine b(0).
2
Let v(o) = 5*o**2 + 4*o - 11. Let m(t) = 6*t**2 + 5*t - 13. Let j(u) = 4*m(u) - 5*v(u). Give j(-3).
-6
Let x(c) = c + 1. Let j(u) = u - 12. Let v(b) = j(b) + x(b). Determine v(6).
1
Let x(u) = 3*u**2 - 2*u + 1. Let i be x(2). Let a = i - 6. Suppose -a*q + q - 10 = 0. Let y(r) = r**3 + 6*r**2 + 6*r - 1. Determine y(q).
-6
Let g(l) = 6*l**2. Suppose -4*z + 4 = -4*b, 2*z + 3*z + 2 = -2*b. Let o be g(b). Suppose 0 = o*s - s + 30. Let c(q) = q**2 + 5*q + 4. What is c(s)?
10
Let a(m) = 5*m. Let h(c) = c - 1. Let k(x) = -a(x) + 2*h(x). Give k(-6).
16
Suppose -2*i - 4*c + 2 = 8, 4*i = -c + 9. Let t be (54/4)/i*22/33. Let g(b) = -3*b - 3. What is g(t)?
-12
Let r = -11 + 19. Suppose 4*h - 20 = -3*t - 2*t, 0 = 2*t - 2*h - r. Let w(u) = -u + 3. Give w(t).
-1
Let g(a) be the third derivative of -a**5/20 + a**4/24 + a**3/2 - 22*a**2. Let d(o) = -2*o**2 + o + 2. Let q(m) = 7*d(m) - 5*g(m). Determine q(-2).
-1
Let o(j) = 2 - 3 - 11*j**2 - 5*j**2. Let y = 1208 + -1207. Calculate o(y).
-17
Let m(v) = v**3 + 3*v**2 - 2*v + 11. Let i be m(-4). Let d(s) = -s + 5. Calculate d(i).
2
Let f be -1*(-4)/(-3)*6. Let n be (26/39)/((-1)/3). Let k = f - n. Let a(m) = m**2 + 5*m. Determine a(k).
6
Let a(y) = -3*y - 15. Let j be 9 + -11 + 11 + -13. What is a(j)?
-3
Let g(f) = 4*f + 13. Let o(b) = -13*b - 40. Let a(k) = -19*g(k) - 6*o(k). Determine a(2).
-3
Let w(y) = -y**3 + 9*y**2 + 10*y - 8. Let z(t) = -3*t**3 + 19*t**2 + 22*t - 19. Let c(o) = -5*w(o) + 2*z(o). Let i be (1 + 2)/((-1)/2). Give c(i).
2
Let p be (8/(-2))/(3*4/(-6)). Let y(k) = 9*k - p*k + 6 - 8*k. Calculate y(3).
3
Let m(o) = -o**3 + o - 5*o**2 - 6 + 6. Let h(u) = 5*u**3 + 25*u**2 - 4*u. Let s(t) = -2*h(t) - 11*m(t). Determine s(-5).
15
Let k(q) = -7*q**2 - q + 1. Let g(u) = u**2. Let j be g(-2). Let a be ((-16)/40)/(j/(-10)). Calculate k(a).
-7
Let z(u) = 4*u - 11. Let q(g) = 2*g + 8 - 4*g + 0*g - 2*g - g**2. Let l be q(0). Give z(l).
21
Let d be ((-36)/(-24))/((3/2)/(-1)). Let p be 1*(0 - d)*1. Let z(c) = 1 - 4*c - 4*c**2 - c**2 + 3*c. What is z(p)?
-5
Let j(c) = 120*c. Let a be (-1215)/(-35) - 2/(-7). Let t(x) = x**2 + 10*x + 18. Let v be t(-8). Let d(l) = -7*l. Let i(w) = a*d(w) + v*j(w). Determine i(-2).
10
Suppose -3*s + 3 = -5*m, 2*m = 3*s - 2 + 8. Let j(y) = -6*y - 16. Determine j(m).
2
Let a(k) be the second derivative of -1/4*k**4 + 1/20*k**5 + 0 - 2/3*k**3 + 2*k + 3/2*k**2. Let o be 45/(-10)*12/(-18). Calculate a(o).
-9
Suppose 5*i - 4*v - 45 = 0, -2*i + v = 1 - 16. Suppose 4*u = 8, -4*u + 14 = i*g - 19. Let r(h) be the third derivative of -h**4/24 + 2*h**3/3 + h**2. Give r(g).
-1
Let t(k) = -2*k + 3. Let d be (14 - -2)*2/(-4). Let l be (d + 0)*(-13)/(-26). Determine t(l).
11
Let c(q) = 2*q + 3. Let k be 5*-1 - (2 - 8 - -4). What is c(k)?
-3
Suppose 54*y = 41*y. Let z(x) = 4*x + 6. Let r(l) = 9*l + 13. Let d(h) = 3*r(h) - 7*z(h). Give d(y).
-3
Let j(l) = l + 1. Suppose 2*h + 4*s = 6, -4*s = -s - 3. Suppose -a - m = h, 0 = -9*a + 4*a + 2*m - 40. Determine j(a).
-5
Suppose -k + 4 = -2*k. Let r(a) = 2*a - 9. Let y(o) = o - 5. Let n(d) = k*r(d) + 9*y(d). Give n(4).
-5
Let h(k) = -k**3 + 4*k**2 + 7*k - 7. Let c be 5/(-7) + -2*(-2)/(-14). Let f be (c/2)/((-10)/100). Determine h(f).
3
Let u(a) = 16*a**2 - 11*a + 25. Let l(i) = -9*i**2 + 5*i - 13. Let d(c) = -7*l(c) - 4*u(c). What is d(7)?
5
Let a(b) be the second derivative of b**4/4 + b**3/2 + 3*b**2/2 - 115*b - 1. What is a(-3)?
21
Let m(j) = j**2 - 2*j + 4. Let h = -5 - -7. Let f(t) = -t + t**2 - 6*t + 6 + 7 + 3*t**h. Let k(i) = -2*f(i) + 7*m(i). Determine k(-2).
-2
Let f be 12/7 - (-10 + (-476)/(-49)). Let x(j) = -j**3 - 3*j + 2. What is x(f)?
-12
Let w(t) = t**2 + 2*t - 3. Let k be w(-3). Let g(r) = 7*r**2 + 2*r - 6. Let j(v) = 